14
What is the value of (-35 + 16 - -21) + 3 + -1 - -6?
10
What is the value of -25 + 12 + 20 + -15 + -1?
-9
32 + -10 - (24 - 11)
9
Evaluate 11 - (17 - 2) - -6.
2
What is 1 + -1 + 40 + -20 + -24?
-4
What is 94 + -130 - (1 - 6)?
-31
Evaluate (40 - 2 - -6) + (89 - 97).
36
13 - (4 + 1) - (-74 - -79)
3
What is the value of ((-51 - -8) + 6 - -5) + 17 + -6?
-21
Calculate 1 + -3 + 0 + 184 + -136 + -8.
38
Calculate (29 - -1) + -11 - -3.
22
-38 + -27 + (79 - -3)
17
What is 349 + -356 + -4 + 0?
-11
Evaluate ((-7 - (3 + 0)) + 8 - 2) + -12.
-16
-107 - -112 - (10 + 1)
-6
Evaluate (-22 - -46) + -24 - ((-2 - -12) + -3).
-7
Evaluate -1 - (-10 + (13 - 3)).
-1
Evaluate (19 - -2) + -35 + -10.
-24
Calculate -44 - -30 - (-3 - 17).
6
What is the value of 3 + (-1 + (10 - 6) - 0 - -3)?
9
18 - (0 + 6 + -20 + 10)
22
What is the value of (-10 - -5) + (-8 - (-3 + -2)) + -3?
-11
What is -2 - -36 - (-9 - (-26 - -2))?
19
What is the value of 6 + -12 + (-6 + 7 - -7)?
2
What is the value of 1 + (6 - (-6 - -20)) + (2 - -3)?
-2
Evaluate 18 + (-16 - 2) + (-3 - 9).
-12
Calculate -2 - (4 + 2) - (-299 - -313).
-22
What is 23 + (31 - (52 + -17))?
19
Evaluate 14 - (23 - (20 + -2)).
9
What is 11 + 0 + -29 + 13 + 9?
4
Calculate 9 - (9 + -9 + 18).
-9
Calculate -1 - (-3 + (11 - (-11 + 14))).
-6
1 + 1 - (-99 - -85)
16
(3 - 1) + -38 + -152 + 171
-17
What is the value of -2 + -1 + (-840 - -872)?
29
What is -35 - -26 - ((1 - -2) + -3 - 6)?
-3
Evaluate (4 - -31) + 25 + -36 + 8.
32
Calculate (16 - 3 - -10) + -12.
11
Evaluate 15 - (38 + -15) - (-19 - -1).
10
What is -16 + (-10 + 8 - 4) + 10?
-12
Calculate 1 + 0 + -10 - (35 - (-15 - -44)).
-15
What is the value of (8 - ((-8 - 6) + 26)) + 26?
22
717 + -728 + 7 + (2 - 2)
-4
What is the value of 6 - (-28 + (-40 - -51))?
23
What is the value of (-1 + 3 - 13) + (-842 - -879)?
26
-16 + 0 - (29 - 35) - (-7 - -1)
-4
-6 + (-11 - (-25 - -5) - (12 - -1))
-10
What is (24 - 4) + -1 - (-9 - -10)?
18
Evaluate (0 - (12 - 0)) + (352 - 341).
-1
36 + 25 + -8 + -25
28
21 + (-28 - (18 - 32))
7
Calculate (-11 - -8 - -9) + -7 + 0 - -11.
10
Calculate 14 + 1 - (39 + -34).
10
What is the value of -16 + (3 - (27 + 2 + -11))?
-31
-34 + (10 - (-4 - 8))
-12
Calculate 4 + 1 - (-227 - -218) - 0.
14
What is 141 + -97 + -37 + 1?
8
What is 10 + -6 + (2 - (1 + 1) - -8)?
12
(-1 - -1 - (4 + -1)) + 0 + -10
-13
What is -2 + -1 + (-6 + (8 - 1) - 3)?
-5
Evaluate (9 - 1) + (-39 - 48 - -86).
7
What is the value of (-11 - -3) + -48 + 41?
-15
What is 75 + -84 + (0 - -1 - (24 + -17))?
-15
(3 - -2 - (-4 + 4)) + -2
3
What is the value of 8 + -18 + -21 - -17?
-14
What is the value of (-5 - (-58 - -19)) + -20?
14
What is the value of 7 + 2 + 2 - -6?
17
Calculate 6 + (9 - (32 + -6)) - -20.
9
What is the value of -3 - ((-6 - -2) + -3 + 5)?
-1
-7 + (6 - (-15 - -34) - -27)
7
What is -2 + 2 - (-2 + 4 + (-9 - -12))?
-5
Calculate -8 - (6 + 3 + -9 + 4).
-12
Evaluate (10 - (26 + (-9 - (2 - 8)))) + -9.
-22
What is -4 - 1 - (-11 + -12 + 12 + 6)?
0
-4 - (4 + 5 + -25)
12
Evaluate (-10 - -11) + (-1 - 4) + -11 + 20.
5
Evaluate 6 + 2 - (-4 - -22).
-10
Evaluate (9 - -2) + -5 - 14.
-8
Calculate (0 - -3) + 162 + -149 + 17.
33
What is (-11 - -10 - 0) + (10 - 1) + -5?
3
What is the value of 6 - 4 - (1 - -28) - (-221 + 213)?
-19
What is 2 - ((3 - (-4 + -1 + 5)) + -14)?
13
Calculate -6 + 3 + -16 + 19.
0
Calculate -5 + (-2 - (-8 + 4)).
-3
22 + -15 + 13 + -4 + -3
13
Calculate -2 + (1 - 3) + (-196 - -204).
4
What is -16 + 4 + 5 + -1?
-8
What is 8 - (0 - 0 - (47 - 47)) - 5?
3
Evaluate -15 + 13 + (-5 - 1) - 8.
-16
-52 - (2 - 4 - 33)
-17
-3 - ((5 - 5) + -6 + 6 + -3)
0
Calculate (-10 + 14 - (-11 - -8)) + 2 + 12.
21
-1 - -3 - (-6 + (-10 - -20))
-2
Evaluate -18 + 2 + -1 + (-49 - -23) + 16.
-27
-6 + 2 - (-7 - (13 - -6) - -15)
7
-27 + 26 + (1 - (1 + 0))
-1
Calculate 0 + -5 + (-9 + (4 - 2) - -19).
7
Evaluate 20 - 47 - -23 - (-2 + -9 + 0).
7
Calculate (0 - -8) + 1 + -6.
3
(-62 - -16) + 28 - -27
9
What is the value of 7 + 1 + (-177 - -192 - (39 + -1))?
-15
What is the value of 32 - 5 - (13 + 1)?
13
(-74 - -56) + (-10 - -2) + (-1 - 0)
-27
-24 - (8 - ((-4 - (2 + -12)) + -5))
-31
What is -45 + 21 - 4 - -48?
20
Evaluate -26 - ((3 - 6) + -6).
-17
Evaluate -1223 - -1211 - (-1 + 0 - 6).
-5
(5 - 8) + 13 + -4 + -8
-2
Calculate 5 - ((-2 - 0) + 14 + (58 - 60)).
-5
What is 2 + -2 + 5 + (6 + 0 - 1)?
10
What is the value of 37 + -26 - -11 - -9?
31
Evaluate (-8 - -11) + (4 - 1) - (4 - -3).
-1
What is the value of (10 + -30 - -11) + (25 - (5 + -7))?
18
(6 - (1 + 1) - (1 + 1)) + -9
-7
Evaluate 24 + -31 + -1 + (0 - -10).
2
Evaluate 101 + -91 + 1 + 1 + -8 + -20.
-16
Evaluate (-1 - -2 - -3) + -255 + 244.
-7
What is -4 + (-7 - (-4 - 22) - 0) + -6?
9
What is -10 + 10 + (-22 - -11)?
-11
Calculate -2 - ((-5 - (0 - 6 - -1)) + 4).
-6
6 + (-3 - (-25 + 15)) + 1
14
0 - (5 - (-2 - (10 + -11)))
-6
Calculate -2 + -2 - (-5 + 4 + 4).
-7
What is the value of (2 - 4 - -2 - (114 + -112)) + -3?
-5
13 + -3 - 5 - (-9 + 7) - -24
31
Evaluate -2 + (-8 + -21 - -34).
3
Evaluate 11 - (0 - -14) - -2.
-1
Calculate (26 - 12) + (-7 - -8).
15
What is -5 + 0 + -111 + 124?
8
Evaluate -10 + (-3 - 12) + 8.
-17
What is (333 - 334) + (-2 - -19)?
16
28 + (-2 - -3 - 1) - (18 - 23)
33
What is -18 + -23 + 22 + (-2 - (-8 - 0))?
-13
What is the value of -3 - ((-2 - 4) + -10)?
13
Calculate (2 - 10) + -3 + (-5 - (6 + -11)).
-11
What is the value of (2 - (-36 - -19)) + -13 + -2?
4
What is the value of (-6 - -1 - -3) + (11 - 2)?
7
What is the value of (0 - (-29 + (-17 - -20))) + 8?
34
What is (1 - 5 - (-12 - -1)) + (-32 - -12)?
-13
What is 71 - 67 - (-13 - 0)?
17
What is -14 + (-13 - -22) - -5?
0
Evaluate 19 + (-15 - -4) - 0.
8
What is -5 - (3 - 1 - (32 + -23))?
2
What is the value of 26 + -77 + 60 - ((0 - -1) + 1)?
7
Evaluate -1626 + 1621 + (-1 + -1 + -5 - -1).
-11
-11 - (8 + (-5 - -2) + 4 - 1)
-19
Evaluate 75 + -57 + (2 - 10).
10
-9 - (-6 + (-4 - ((-30 - -5) + 2)))
-22
What is the value of -30 - -26 - (-6 - 6)?
8
Calculate -77 - -86 - (1 - (1 - -3)) - -1.
13
Calculate 10 + -1 + (-8 - 2) + -4.
-5
What is (0 - (-3 + 4)) + 6 + -12 + 4?
-3
Calculate 34 + (-117 - -12) + 35.
-36
2 - -17 - (-56 + (56 - -1))
18
What is the value of (2 - 11) + 23 + -2?
12
What is 389 + -395 - (3 - 2)?
-7
What is -10 + -6 + 9 + 1 + 2?
-4
Calculate (27 - (-17 - -23)) + -31.
-10
Evaluate -5 + 5 - (0 + -22 - (-3 + -1)).
18
Calculate 130 + -111 - (-6 - -12 - 3).
16
Calculate 5 + (1 + -22 - (-8 - (2 + -4))).
-10
What is the value of (-1 - -8) + -4 - -12?
15
Calculate -25 + 5 + 21 + 0.
1
Calculate 2 + -4 - (1 + -1 + 36 + -29).
-9
What is the value of (-5 - 0) + (-2 - 0) + (-14 - -18)?
-3
What is the value of 8 - (-4 - 4 - (-4 - -1))?
13
(4 - (-5 + (9 - -4))) + -4
-8
Calculate 13 - 31 - -44 - 52.
-26
What is the value of 6 + 4 + (-16 - (10 + -23))?
7
Calculate -10 + (-7 + -6 - -34).
11
Evaluate (16 - (-29 - -17)) + -16 + (-1 - 2).
9
Calculate -18 - (14 + (-40 - 4) - 3).
15
What is the value of 4 - (3 + 4) - (-2 + 9)?
-10
What is the value of 16 - (-8 + (1 + -1 - -17))?
7
What is 7 - (-7 + (-3 - -4) + 10) - -5?
8
Evaluate -30 + 30 - 10 - 21.
-31
Calculate (3 - (-9 + (18 - 5) + -5)) + 6.
10
Calculate (-7 - -4) + (-17 - (9 + -4) - -11).
-14
Evaluate 8 - (3 + 8) - 11.
-14
Evaluate -16 + (-20 + 29 - 18) - (2 - 7).
-20
Evaluate -11 + 45 + -10 + -9 - (1 + 4).
10
What is the value of -3 + (-198 - -169) + (0 - -6) - -6?
-20
What is the value of (-12 + 1 - (-64 + 57)) + -6 - 1?
-11
9 - (11 - (1 + -7 + 11))
3
What is 0 + 8 + (6 - 22 - -20) + -2?
10
5 - (-3 - ((0 - 4) + 12 + -7))
9
What is 4 + (1 - 3) + (-2 - 1)?
-1
Calculate 31 + (36 + -16 - 39).
12
Calculate 59 + -52 + -13 - (0 + -24 + 1).
17
What is the value of (1 - 1) + (19 - 7) + -20?
-8
Evaluate 1 - -7 - (-21 - -39).
-10
Evaluate 1 - (7 - -1 - (51 - 50)) - -9.
3
-4 - (-24 - 3 - (6 + -15))
14
What is the value of 1 + 1 - (7 - 23 - -4)?
14
(-32 - -25) + 0 + (7 - 1)
-1
What is the value of -16 + (-33 - -39) - 26?
-36
Evaluate 18 - (3 - (-23 - -9)).
1
What is -22 - (11 + (-8 - -1) + 8 + -16)?
-18
Evaluate (-6 - -46) + -108 + 85.
17
-7 - (-1 - ((-6 - -11) + -14))
-15
What is the value of (-11 - (-6 + 5)) + 21 + -19 + 19?
11
What is the value of (1 - (21 - 37)) + -19?
-2
2 + 4 - 2 - (81 + -96)
19
What is the value of (1 + 0 - (-35 - -25)) + -4?
7
-1 + 1 + -3 + 35 + -3 + -32
-3
Calcula